pose 5*m - 18 = -x, 0 = -2*m - 4*x - 0*x. Suppose 0 = -m*r - 12, -11*r + 9*r = -2*b + 9588. Is b prime?
False
Suppose -2*s + 5*z + 25 = 0, 0 = -5*s + s - 4*z + 36. Suppose -s = -13*c + 11*c. Is 10/(-25) - (-5817)/c composite?
False
Let r(v) be the third derivative of 89*v**5/6 - v**4/24 + 7*v**3/6 - 22*v**2. Let j be r(-7). Is j/42 + 2/6 composite?
False
Suppose 214233 = 5*s + 3*p, p - 72347 = 3*s - 200870. Is s composite?
True
Let b(q) = -6679*q**3 - 7*q**2 - 42*q - 20. Let y(f) = -1670*f**3 - 2*f**2 - 10*f - 5. Let m(c) = -2*b(c) + 9*y(c). Is m(-2) a prime number?
True
Let o(v) = -14837*v + 1275. Is o(-22) prime?
True
Suppose -32 = 4*g - 20. Let x(u) = -12*u**2 - 4*u - 3. Let l be x(g). Let q = l + 196. Is q composite?
False
Let x = -91 + 94. Is -5 + 3 + 3661 + 0/x a prime number?
True
Let b = 675 + -680. Is (b/10)/((-2)/15284) a composite number?
False
Suppose 405 + 283 = 4*n. Let c = n + 415. Is c prime?
True
Let o be ((-1257)/(-4))/((-219)/(-2336)). Let r = o + -2305. Is r composite?
True
Is ((-4)/8 - 0)*(-254073 - 5) composite?
True
Let k = -56 + 58. Suppose -k*g = 3*g - 17465. Is g prime?
False
Suppose -166*h = -151*h - 45. Let k(t) = 1166*t**2 + 5*t - 10. Is k(h) prime?
True
Let p(j) = j**3 - 11*j**2 - 52*j - 34. Let f be p(23). Suppose -f = 25*q - 30293. Is q prime?
False
Let u(q) = -12*q + 26. Let x be u(2). Suppose x*j = z - 10031, j - 40136 = -4*z - 3*j. Is z a prime number?
False
Suppose i = 34 - 14. Suppose 0 = -i*b + 7*b + 27794. Is b prime?
False
Is (-75 - -69) + (0 - 0 - -4727) a composite number?
False
Suppose 0 = 190*k - 183*k - 1730841. Is k composite?
True
Let g = -9 - -45. Suppose -38 + g = a. Is (2 + 52)*12 - (a + 3) prime?
True
Let c(z) = -3*z**3 - 14*z**2 + 61*z - 3793. Is c(-85) composite?
True
Let v be (-32)/(-288) - 296/(-9). Let h = -2 + -2. Let f = v - h. Is f composite?
False
Suppose 0 = 2*m - 4*c - 16, 7*c = 4*m + 2*c - 20. Suppose 0 = y - 4*v + v - 8, m = -5*y - v + 24. Suppose 3426 + 3569 = y*s. Is s composite?
False
Suppose -3*y + 14 + 1 = 0. Let q = 9 - y. Suppose -1492 = -q*x + 2320. Is x a composite number?
False
Let l(j) = -2*j + 26. Let k be l(13). Suppose u - 5 = -k. Suppose 4*v = h - 808 + 251, -u*v + 593 = h. Is h a composite number?
True
Let w be 8 + (-4 - -7) - -1. Let m be (92/w)/((-32)/(-30) - 1). Is (-46)/m - (-187)/5 a prime number?
True
Let o = -62504 - -159135. Is o prime?
False
Suppose 10*m + 858021 = 67*m. Is m a prime number?
True
Let a(q) = -1265*q**3 - q. Let v be a(-1). Let t = 2311 - v. Is t + (-12)/9*-3 composite?
False
Let k be 3/(-12) + (-411859)/(-28). Suppose -46*m + k = -45*m. Is m prime?
False
Suppose -2*c - 3*c = -5*q, 0 = 5*q + 3*c - 40. Suppose -q*i - 11073 = -8*i. Is i composite?
False
Let n = 1468374 - 798545. Is n composite?
True
Suppose -27*x = 22*x - 58290547. Is x a composite number?
False
Suppose -10*z + 8*z + 3452 = m, 5*m = z - 1704. Suppose 5*w = 2*x + 47939, 3*w - 27045 = 4*x + z. Is w prime?
True
Let t = 287707 + -189936. Is t a composite number?
False
Suppose -f + 35 - 30 = 0. Suppose 3*s - 12551 = -f*a + 4*a, -4*a = 5*s - 50232. Is a a composite number?
True
Let j be (545/15 - -5)/((-10)/(-75)). Suppose 309*q - j*q = -223. Is q a prime number?
True
Suppose 4*x - 7138 = m, -4*x - 1779 = -5*x + 3*m. Is 1/(-2) - x/14*-93 prime?
False
Suppose 4*w - 2179328 = 176944. Suppose 12*c - w = -60360. Is c a prime number?
True
Let k(f) = -f**2 + f + 1. Let p = 60 + -63. Let x(w) = -15*w**2 - 6*w + 11. Let t(h) = p*k(h) - x(h). Is t(5) composite?
True
Let i(k) be the third derivative of 157*k**5/30 - k**4/3 - 17*k**3/6 + 107*k**2. Is i(5) a prime number?
True
Suppose 10 = -4*k + 50. Suppose -2*h = -v - k, 4*h - 13 = v + h. Is 2/v - (-5346)/12 a composite number?
True
Let o(f) = 8356*f**2 - 69*f + 25. Is o(-6) prime?
False
Suppose -6*a + 10 = -a. Let l be 34038/(-12)*(-8)/a. Suppose 10*m - l = 2104. Is m composite?
True
Let h(f) = 148*f**2 + 4*f - 3. Let y be h(1). Is y*((7 - 2) + 6) composite?
True
Let f = -5 - -8. Let l(x) = -2 + 0 - 3*x + 4 - 12*x**2 + 49*x**2. Is l(f) composite?
True
Let d(c) be the second derivative of -c**3/2 - 233*c**2/2 - 12*c. Let p be d(0). Is 1 + 1/1 - p a composite number?
True
Let b be (18/(-15))/(9/(-15)). Suppose -2*h = b*n + 28, 4*h - 4*n + 16 = -0*n. Is (-7)/(-21) - (1032/h + 2) prime?
True
Let d(a) = 49*a**2 + a + 1. Let i be d(1). Suppose -2*g + 1515 - i = 0. Suppose -g = -v + 409. Is v prime?
False
Suppose 2*x + 143156 = 2*j - 181010, -5*x + 40 = 0. Is j a prime number?
True
Let l(o) = 63*o + 36. Let d be l(14). Suppose -38364 = -6*a + d. Is a a prime number?
True
Let s = 35793 + -9016. Is s prime?
True
Let d(h) be the second derivative of h**4/12 + 11*h**3/6 + 4*h**2 - 31*h. Let s be d(-11). Is s/12 + 5601/9 prime?
False
Let o = 68 + -65. Let n(r) = 726*r + 5. Is n(o) a prime number?
False
Suppose -14 = -6*o + 16. Suppose -2*l = o*z + 1204, 5*l + 1005 + 2005 = 2*z. Let s = l + 1287. Is s prime?
False
Suppose 157*x - 2923329 = 2210414. Is x a composite number?
True
Suppose -5676 = 44*q - 50*q. Suppose 3*c - 2*c - 311 = -5*w, -q = -3*c - 2*w. Suppose -c - 424 = -4*m. Is m a composite number?
True
Let c be (-2)/7 + 580/70. Let u(b) = -17 + c*b**2 + 48 - 4*b**2 - 2*b**2 + 6*b. Is u(12) prime?
False
Let z(w) = w**3 + 11*w**2 - 22*w + 24. Let r be z(-12). Is (-135614)/(-7) + r/(-336) composite?
False
Let a(h) = -2*h**3 - 3*h**2 + 11*h - 5. Let f be ((-132)/30)/((-12)/(-30)). Is a(f) a composite number?
True
Let v(z) = -5*z - 40. Let k be v(-9). Let t(c) = -3*c + 15. Let m be t(k). Suppose -11*o - o + 1668 = m. Is o a prime number?
True
Let u be 3/(-2 + 232/120). Is 54/u - (-66841)/5 prime?
True
Suppose 3*l = 2*l - q + 1, -5*l - q = -21. Suppose 4*p + 15 = 5*m + 3007, 3727 = l*p - 3*m. Is p composite?
False
Let t = 160 + -307. Let p = t + 349. Is p prime?
False
Is 5 + 10 + 136120 + 4 a composite number?
False
Let q(a) = -a**3 + 13*a**2 - 9*a + 17. Suppose 0 = 4*i - 47 + 59. Let f(x) = 2*x**2 + 3*x + 3. Let p be f(i). Is q(p) a prime number?
True
Let b(g) = -g**3 + 2*g**2 + 3*g - 4. Let c be b(2). Let k be c/(-6) + 7854/18. Let v = k + -149. Is v a composite number?
True
Let u = 1938 - 923. Suppose -2*h - u = -5*a, -2*a = -h - 427 + 21. Is a composite?
True
Suppose -14*m = -17*m + 15. Let n be (5 - m)/(2/(-1)). Suppose a = -5*s + 488 + 489, 4*a + 3*s - 3874 = n. Is a a composite number?
False
Is 1189446/9 + 72/(-108)*(-2)/4 prime?
False
Let s(r) = -r**2 + 2*r - 5. Suppose 0*b - 7*b = 0. Let h be s(b). Is (-4)/h*1115/2 prime?
False
Suppose 43*z - 438036 = 6944075. Is z prime?
False
Let n be ((-3)/1)/((-2)/2). Let l be (69 + 2 - n)*572/16. Suppose -14*f + f + l = 0. Is f a composite number?
True
Let r = -40069 + 97093. Let q = 82021 - r. Is q a composite number?
True
Suppose 8*l - 50 = -10. Suppose -5*o = z - 42287, l*z - 1 = -16. Is o composite?
True
Suppose 14*h - 9*h = -5, -2*t + 21961 = -3*h. Is t a composite number?
False
Let t(w) = 88*w + 679. Is t(12) composite?
True
Let r(f) = 1765*f - 267. Is r(70) composite?
True
Let h be (-37010)/(-1) - 8/(-56)*-21. Suppose 2*j = 3*t + 24664, h = 3*j + 12*t - 11*t. Is j composite?
True
Let u(k) = -480*k**2 - 38*k + 15. Let l be u(16). Is (2 - 24/13) + l/(-91) a prime number?
False
Suppose 3974 = 2*k - 3*o - 55548, -o = -4*k + 119034. Is k a composite number?
True
Let a be 6/4 - 1145/(-10). Let y be a/24*3*70. Suppose -2*b - y = -7*b. Is b prime?
False
Is (-3 - -1 - -3)*((281670 - 10) + 3) a composite number?
False
Let t = 7611 - 4270. Let h = 9099 - t. Is h composite?
True
Let x(p) = p**2 - 2*p + 251. Let f be x(20). Let k = -23 + 33. Suppose k*o - 2201 = -f. Is o composite?
True
Is ((-58332)/15)/(20/(-50)) a composite number?
True
Suppose 19*a - 9*a + 45120 = 0. Let x = 9451 + a. Is x a prime number?
False
Let s(r) be the second derivative of 169*r**3 + 313*r**2/2 + 194*r + 1. Is s(7) prime?
True
Let l(r) = 106425*r + 5128. Is l(11) composite?
False
Suppose 4*p + 37131 = n, -27*n = -23*n + 3*p - 148486. Is n a composite number?
False
Suppose 2*f = 2*b - 186104, -5*f + 84667 = 4*b - 287496. Is b a prime number?
True
Suppose -71458 = -3*p + 5*y - 3*y, -5*y = -20. Let l = p + 6650. Suppose 0 = 8*j - 0*j - l. Is j composite?
True
Let a(j) = 27882*j + 3415. Is a(17) composite?
False
Let o be (8/(-9))/4 - 